= -5*h + 197. Suppose 2*t = h + 21. Let w = t + -32. Calculate the greatest common factor of w and 50.
10
Let k(m) = -43*m + 4313. Let w be k(99). Calculate the highest common factor of 707 and w.
7
Let v = -2832 - -5354. Calculate the greatest common divisor of v and 291.
97
Suppose 0 = 4*b - 41 - 103. Let r = 32814 - 32802. Calculate the greatest common divisor of b and r.
12
Let v(p) = 2*p - 7. Let u be v(6). Suppose -u*f = -10, 3*n + 10 = 3*f + 67. Let g be (1 - -2)/(n/35). Calculate the greatest common divisor of 5 and g.
5
Let t = 22581 - 19708. What is the highest common factor of 221 and t?
221
Let n = 16580 + -16496. Calculate the greatest common divisor of n and 966.
42
Suppose -2*f = -37*b + 41*b - 74, -2*b = 2*f - 34. Let h = -1 + 29. Calculate the greatest common divisor of h and b.
4
Let w = 30367 - 7434. What is the greatest common divisor of w and 19?
19
Let h be (6/4)/(3/264). Let b be 189 - 6/(5 - -1). Let i = b - 144. What is the greatest common factor of h and i?
44
Let y = 47 + -32. Suppose -3*a - 6 = -y, -l + 2*a = 0. Calculate the greatest common factor of 48 and l.
6
Suppose 2*n = -18*n + 300. Suppose -s = -4*m - 44, 4*m = n*s - 13*s - 104. Calculate the greatest common divisor of s and 12.
12
Suppose 0 = 2*h - 6, -5*h + 514 = 4*r - 761. What is the greatest common factor of 168 and r?
21
Let y be 189/(-18)*8/6. Let v be 3*(-12)/63*y. Let j be 102/v - (-27)/108. What is the greatest common factor of j and 65?
13
Suppose 82 - 70 = 4*a. Suppose 4*d + j - 32 = 2*j, 0 = a*d - 4*j - 24. Let h be (3/(-1) + d/4)*-35. Calculate the highest common factor of h and 10.
5
Let m be (-1595)/6 - 6/(-72)*-2. Let b = m + 330. Calculate the greatest common divisor of b and 80.
16
Let r = -324 - -705. Suppose -14*c + r + 249 = 0. What is the greatest common divisor of c and 360?
45
Let i = 939 + -937. Suppose -w = -i*t + 754, 1131 = 11*t - 8*t + w. What is the highest common factor of t and 58?
29
Let j be -2*(-4)/(-8) - -4. Suppose 2*x = d - 2*d + 16, -2*d = -j*x - 18. Let i be (-7)/(7/5)*(-6)/5. Calculate the greatest common divisor of i and d.
6
Suppose -2*i + 9030 = 2*v, -22545 = -5*v - i + 6*i. What is the highest common divisor of 188 and v?
188
Let k be ((-22)/3)/((-14)/(-336)) - -2. Let a = k - -225. What is the highest common factor of a and 408?
51
Suppose 6593*r - 6653*r = -69600. What is the greatest common factor of 240 and r?
40
Suppose -5*z + 7 + 168 = 0. Let x = -16 + z. Suppose p + 73 = 5*u - 3*p, -u + 3*p + x = 0. Calculate the highest common divisor of u and 117.
13
Suppose -1227*x + 3929 = -1225*x - 5*s, 3*s = -2*x + 3889. Calculate the highest common divisor of 64 and x.
32
Let o = 379 - 377. Suppose 0 = -v + 4*w + 52, -3*w + 33 = v - 12. Suppose -o*f + v = -h, h + 18 = f - h. What is the greatest common factor of f and 286?
26
Let q = -362 - -189. Let p = q + 224. What is the greatest common divisor of 68 and p?
17
Suppose 3*x + 2*x - 30 = 0. Let d = x - -19. Let p = 97 - d. Calculate the greatest common divisor of 9 and p.
9
Let d be -2 - (-356 + 5 + -3). Let r = -331 + d. Calculate the highest common factor of 315 and r.
21
Suppose 0 = d + 2*d, 4*g - 5*d - 520 = 0. Let j(s) = -136419*s + 409287. Let z be j(3). What is the highest common divisor of g and z?
10
Let d(w) = -3*w**2 - 17*w + 11. Let h be d(-6). Suppose 4*o - 18*j + 23*j = -h, 0 = -o + 2*j + 15. What is the highest common factor of 85 and o?
5
Suppose 224*q - 1778 = 221*q - 545. What is the greatest common factor of q and 6?
3
Let f = -25766 + 26576. Calculate the highest common divisor of f and 324.
162
Suppose -208 = 93*u - 101*u. What is the highest common divisor of u and 1599?
13
Let h = 5308 - -943. Calculate the greatest common divisor of 57 and h.
19
Let f = 2743 + -2695. Calculate the highest common divisor of f and 3168.
48
Suppose -42*a + 32*a = -30. Suppose 0 = -10*n + a*n + 1281. Calculate the highest common divisor of 61 and n.
61
Suppose -6*t + 2*i = -8, 5*i = -11600*t + 11597*t + 88. Suppose 0 = 3*m - 9 - 3. Calculate the highest common divisor of t and m.
2
Let f(y) = -6*y - 17. Let l be f(-4). Suppose 2*u + l = 47. Suppose x + 284 = 5*x - 2*s, 0 = 2*x + 4*s - 132. Calculate the greatest common factor of x and u.
10
Let t(s) = s**3 - 12*s**2 - 8*s + 56. Let u be t(14). Calculate the greatest common factor of 546 and u.
42
Let r(l) = l**2 - 205*l + 8200. Let n be r(54). Let p be -2 - (-46 - 2)/1. What is the highest common factor of n and p?
46
Let u be ((-12)/(-7))/(5/10640*8). Calculate the greatest common divisor of 48 and u.
24
Suppose 2459 = 20*z - 7621. Calculate the highest common divisor of 64 and z.
8
Let c(s) = s**2 + 11*s - 12. Let h = -36 - -41. Suppose h*m = -2*m - 98. Let z be c(m). Calculate the highest common divisor of z and 12.
6
Let g be ((4 - -46) + 0/(-1))/(285/342). Suppose -3*u + 672 = -0*k - 3*k, 2*k + 8 = 0. What is the highest common divisor of u and g?
20
Let w = 90 + 31. Suppose 6*s - 149 = w. What is the greatest common factor of 495 and s?
45
Suppose 6 = -t + 3*t. Suppose -2 = -t*i + i + 5*n, i = 4*n - 5. Suppose 3*c - 10 = i. Calculate the greatest common divisor of 91 and c.
7
Let f = 10857 + -10681. What is the highest common factor of 671 and f?
11
Suppose -4*d + 5*u + 451 = 0, 4*d + u - 964 = -459. Calculate the greatest common divisor of 1426 and d.
62
Suppose -d + 1646 = -3*q + 1612, 0 = 2*d - q - 58. What is the greatest common divisor of 16604 and d?
28
Suppose -3*j - 2 = -14. Let i(w) = w**2 + w. Let p be i(-2). Suppose 172 = 5*v - 4*x + p*x, -x = -5*v + 176. What is the greatest common divisor of j and v?
4
Let b be (-1869)/(-12) + 2 + 21/(-12). Suppose 31 - b = -5*s. Let u = -48 + 98. What is the greatest common divisor of s and u?
25
Let w be 36*((-2880)/(-81))/20. What is the greatest common factor of 58 and w?
2
Suppose 16*j = 13*j + 30. Suppose -j*f + 495 = f. Calculate the highest common divisor of 9 and f.
9
Let x(m) be the third derivative of m**5/60 - m**4/24 + 4*m**2. Let q be x(2). Let j = q + 18. What is the highest common divisor of j and 2?
2
Suppose -7*b + 10*b - 288 = 0. Suppose 0 = 5*i + 54 - 174. Calculate the greatest common factor of i and b.
24
Let v = -41019 + 41031. Suppose 2*b - 696 = -2*b. Calculate the greatest common factor of v and b.
6
Let k be -18*7/21 + 16. What is the highest common factor of 730 and k?
10
Let x(a) = a**2 - 82*a - 624. Let s be x(92). Let v(k) = k**2 - 8*k - 12. Let l be v(10). Calculate the highest common factor of l and s.
8
Suppose b = -4*t + 15, 2*t - 25 = 11*b - 8*b. Let l be (152/t)/(((-44)/(-130))/11). Calculate the highest common divisor of l and 52.
52
Suppose -22*o + 6233 + 3975 = 0. Let q = o + -383. Let l be -2 - (3 + 55)/(-2). Calculate the greatest common factor of q and l.
27
Let y be 788540/5785 - (22/(-13) - -2). Let z = -43 + 61. Let w = -1 + z. What is the greatest common divisor of w and y?
17
Let v be (-30)/65 - (2/8 + (-1946)/104). Let s be (0/2 - 2) + 560. Calculate the greatest common divisor of v and s.
18
Let h(z) = 42*z + 368. Let d be h(-9). Let i be 384/120*d/(-4). Calculate the greatest common divisor of 44 and i.
4
Let q be (-3 + -3)*(-200)/3. Let v = 348 + -68. Suppose 4*x = 11*x - v. What is the greatest common divisor of x and q?
40
Let w = 329344 + -329284. Suppose -v = -118 - 77. What is the highest common factor of v and w?
15
Suppose 19*s - 74*s + 82764 = -17*s. Calculate the highest common factor of 330 and s.
66
Suppose 0 = -5*r + 6*r - 32. Let b be (27 - 21)*8/3*13. Calculate the greatest common divisor of b and r.
16
Let p = -56 - -130. Suppose 0 = 2*j + 16*c - 13*c - 77, 5*j - 186 = -c. What is the highest common factor of j and p?
37
Let x = -5 - -11. Suppose 0 = -2*l - 40*t + 36*t + 34, 2*l - 4*t = -22. Let o be l*x/(-9)*4/(-8). What is the greatest common divisor of o and 9?
1
Let c be (39/(-26))/(1 - 14/8). Let v be (-44)/(-11)*c/(-4) - -1. Let o be (-1 - 4 - v)/(-1). What is the highest common divisor of o and 64?
4
Suppose -64*s + 72*s = 3920. Calculate the highest common divisor of 2254 and s.
98
Let s be 204984/1170 + 4/5. What is the highest common factor of s and 1804?
44
Suppose -1492 = -28*x - 92. What is the highest common factor of 320 and x?
10
Let m(c) = c + 4. Let d = -65 - -64. Let w b